{"id":9,"date":"2013-10-22T16:09:50","date_gmt":"2013-10-22T16:09:50","guid":{"rendered":"http:\/\/retotmp.wordpress.com\/?page_id=9"},"modified":"2013-10-22T16:09:50","modified_gmt":"2013-10-22T16:09:50","slug":"documentacion","status":"publish","type":"page","link":"https:\/\/retotmp.valnaloneduca.com\/?page_id=9","title":{"rendered":"\u00bfqu\u00e9 es?"},"content":{"rendered":"<p>Si est\u00e1s leyendo esto, es probable que seas estudiante de Bachillerato, Formaci\u00f3n Profesional o Ense\u00f1anzas Art\u00edsticas y Deportivas y que adem\u00e1s est\u00e9s pensando o te hayas decidido a participar en alguno de los cursos TMP organizados por Valnal\u00f3n.\u00a0 Esos son los \u00fanicos requisitos fundamentales para participar en Reto TMP.<\/p>\n<p>La confianza en la capacidad de la gente joven para afrontar problemas desde una perspectiva diferente es algo que habr\u00e1s escuchado m\u00e1s de una vez y con lo que probablemente est\u00e9s de acuerdo. Sin embargo, faltan oportunidades para demostrarlo y \u201cReto TMP\u201d es precisamente eso, una oportunidad para desarrollar tu creatividad y demostrar tu iniciativa buscando soluciones a retos reales y espec\u00edficos planteados por personas emprendedoras, empresas, entidades e instituciones de nuestra regi\u00f3n.<\/p>\n","protected":false},"excerpt":{"rendered":"<p>Si est\u00e1s leyendo esto, es probable que seas estudiante de Bachillerato, Formaci\u00f3n Profesional o Ense\u00f1anzas Art\u00edsticas y Deportivas y que<\/p>\n","protected":false},"author":2,"featured_media":0,"parent":0,"menu_order":0,"comment_status":"open","ping_status":"open","template":"","meta":{"spay_email":""},"jetpack-related-posts":[{"id":340,"url":"https:\/\/retotmp.valnaloneduca.com\/?page_id=340","url_meta":{"origin":9,"position":0},"title":"retos 17_18","date":"noviembre 20, 2017","format":false,"excerpt":"Primer trimestre Reto TMP Acoso Escolar \/ IES Victor Garc\u00eda de la Concha Reto TMP Astures \/ IES Astures Reto TMP Ed. Cordillera Cantabrica\/ IES Santa Cristina de Lena Segundo trimestre Reto TMP La Factor\u00eda Cultural\/ Avil\u00e9s Reto TMP \u00c1gape Alimentaci\u00f3n Consciente\/ IES Ram\u00f3n Men\u00e9ndez Pidal Reto TMP Escape room\u2026","rel":"","context":"Entrada similar","img":{"alt_text":"","src":"","width":0,"height":0},"classes":[]},{"id":308,"url":"https:\/\/retotmp.valnaloneduca.com\/?page_id=308","url_meta":{"origin":9,"position":1},"title":"retos 16_17","date":"noviembre 10, 2016","format":false,"excerpt":"Primer trimestre Reto TMP 50 Aniversario \/ IES Victor Garc\u00eda de la Concha Reto TMP Perfumeria MM \/ IES Ram\u00f3n Men\u00e9ndez Pidal Reto TMP Perfumeria MM 2 \/ IES Ram\u00f3n Men\u00e9ndez Pidal Reto TMP UNICEF Trubia \/ IES R\u00edo Trubia\u00a0 Reto TMP Zarabozo Consultores \/ IES Cuenca del Nal\u00f3n Reto\u2026","rel":"","context":"Entrada similar","img":{"alt_text":"","src":"","width":0,"height":0},"classes":[]},{"id":183,"url":"https:\/\/retotmp.valnaloneduca.com\/?page_id=183","url_meta":{"origin":9,"position":2},"title":"retos 14_15","date":"noviembre 14, 2014","format":false,"excerpt":"Primer trimestre Reto TMP Sim\u00e9triko \/ IES Jer\u00f3nimo Gonz\u00e1lez Reto TMP Viaje de Estudios \/ IES Jer\u00f3nimo Gonz\u00e1lez Reto TMP IES Rey Pelayo \/ IES Rey Pelayo Reto TMP La Huerta de Ahmed \/ IES Ram\u00f3n Men\u00e9ndez Pidal Reto TMP Barna Guitars \/ IES Ram\u00f3n Men\u00e9ndez Pidal Reto TMP Residencia\u2026","rel":"","context":"Entrada similar","img":{"alt_text":"","src":"","width":0,"height":0},"classes":[]},{"id":6,"url":"https:\/\/retotmp.valnaloneduca.com\/?page_id=6","url_meta":{"origin":9,"position":3},"title":"retos  13_14","date":"octubre 22, 2013","format":false,"excerpt":"Reto TMP Carnet Joven - FINALIZADO\u00a0 Reto TMP Sentido Com\u00fan - FINALIZADO Reto TMP Hotel Naviega - FINALIZADO Reto TMP El Orrio - FINALIZADO Reto TMP Casa Alipio\u00a0- FINALIZADO Reto TMP Escuela de Emprendedoras\u00a0- FINALIZADO Reto TMP Asecor\u00a0- FINALIZADO Reto TMP Innovaci\u00f3n y Desarrollo\u00a0- FINALIZADO Reto TMP Parkour\u00a0- FINALIZADO Reto\u2026","rel":"","context":"Entrada similar","img":{"alt_text":"","src":"","width":0,"height":0},"classes":[]},{"id":278,"url":"https:\/\/retotmp.valnaloneduca.com\/?page_id=278","url_meta":{"origin":9,"position":4},"title":"retos 15_16","date":"octubre 5, 2015","format":false,"excerpt":"Primer trimestre Reto TMP Miss Tejemaneje \/ Academia Llana Reto TMP Symbols \/ IES Cuenca del Nal\u00f3n Reto TMP Consulting y Asesoramiento del Principado \/ IES Cuenca del Nal\u00f3n Reto TMP Reprografia \/ IES Rey Pelayo Reto TMP Lib\u00e9lula Huerta \/ IES Ram\u00f3n Men\u00e9ndez Pidal Reto TMP Caravancol \/ IES\u2026","rel":"","context":"Entrada similar","img":{"alt_text":"","src":"","width":0,"height":0},"classes":[]},{"id":371,"url":"https:\/\/retotmp.valnaloneduca.com\/?page_id=371","url_meta":{"origin":9,"position":5},"title":"otros retos","date":"noviembre 9, 2018","format":false,"excerpt":"Haz click en los enlaces para ver todos los retos completados en ediciones anteriores: 2017-2018 2016-2017 2015-2016 2014-2015 2013-2014","rel":"","context":"Entrada similar","img":{"alt_text":"","src":"","width":0,"height":0},"classes":[]}],"_links":{"self":[{"href":"https:\/\/retotmp.valnaloneduca.com\/index.php?rest_route=\/wp\/v2\/pages\/9"}],"collection":[{"href":"https:\/\/retotmp.valnaloneduca.com\/index.php?rest_route=\/wp\/v2\/pages"}],"about":[{"href":"https:\/\/retotmp.valnaloneduca.com\/index.php?rest_route=\/wp\/v2\/types\/page"}],"author":[{"embeddable":true,"href":"https:\/\/retotmp.valnaloneduca.com\/index.php?rest_route=\/wp\/v2\/users\/2"}],"replies":[{"embeddable":true,"href":"https:\/\/retotmp.valnaloneduca.com\/index.php?rest_route=%2Fwp%2Fv2%2Fcomments&post=9"}],"version-history":[{"count":0,"href":"https:\/\/retotmp.valnaloneduca.com\/index.php?rest_route=\/wp\/v2\/pages\/9\/revisions"}],"wp:attachment":[{"href":"https:\/\/retotmp.valnaloneduca.com\/index.php?rest_route=%2Fwp%2Fv2%2Fmedia&parent=9"}],"curies":[{"name":"wp","href":"https:\/\/api.w.org\/{rel}","templated":true}]}}

¿qué es?

<p>Si estás leyendo esto, es probable que seas estudiante de Bachillerato, Formación Profesional o Enseñanzas Artísticas y Deportivas y que además estés pensando o te hayas decidido a participar en alguno de los cursos TMP organizados por Valnalón.  Esos son los únicos requisitos fundamentales para participar en Reto TMP.</p>
<p>La confianza en la capacidad de la gente joven para afrontar problemas desde una perspectiva diferente es algo que habrás escuchado más de una vez y con lo que probablemente estés de acuerdo. Sin embargo, faltan oportunidades para demostrarlo y “Reto TMP” es precisamente eso, una oportunidad para desarrollar tu creatividad y demostrar tu iniciativa buscando soluciones a retos reales y específicos planteados por personas emprendedoras, empresas, entidades e instituciones de nuestra región.</p>

<p>Si estás leyendo esto, es probable que seas estudiante de Bachillerato, Formación Profesional o Enseñanzas Artísticas y Deportivas y que</p>

Primer trimestre Reto TMP Acoso Escolar / IES Victor García de la Concha Reto TMP Astures / IES Astures Reto TMP Ed. Cordillera Cantabrica/ IES Santa Cristina de Lena Segundo trimestre Reto TMP La Factoría Cultural/ Avilés Reto TMP Ágape Alimentación Consciente/ IES Ramón Menéndez Pidal Reto TMP Escape room…

Primer trimestre Reto TMP 50 Aniversario / IES Victor García de la Concha Reto TMP Perfumeria MM / IES Ramón Menéndez Pidal Reto TMP Perfumeria MM 2 / IES Ramón Menéndez Pidal Reto TMP UNICEF Trubia / IES Río Trubia  Reto TMP Zarabozo Consultores / IES Cuenca del Nalón Reto…

Primer trimestre Reto TMP Simétriko / IES Jerónimo González Reto TMP Viaje de Estudios / IES Jerónimo González Reto TMP IES Rey Pelayo / IES Rey Pelayo Reto TMP La Huerta de Ahmed / IES Ramón Menéndez Pidal Reto TMP Barna Guitars / IES Ramón Menéndez Pidal Reto TMP Residencia…

Reto TMP Carnet Joven - FINALIZADO  Reto TMP Sentido Común - FINALIZADO Reto TMP Hotel Naviega - FINALIZADO Reto TMP El Orrio - FINALIZADO Reto TMP Casa Alipio - FINALIZADO Reto TMP Escuela de Emprendedoras - FINALIZADO Reto TMP Asecor - FINALIZADO Reto TMP Innovación y Desarrollo - FINALIZADO Reto TMP Parkour - FINALIZADO Reto…

Primer trimestre Reto TMP Miss Tejemaneje / Academia Llana Reto TMP Symbols / IES Cuenca del Nalón Reto TMP Consulting y Asesoramiento del Principado / IES Cuenca del Nalón Reto TMP Reprografia / IES Rey Pelayo Reto TMP Libélula Huerta / IES Ramón Menéndez Pidal Reto TMP Caravancol / IES…
